ided by 97.
94
What is the remainder when 24474 is divided by 480?
474
Calculate the remainder when 126548 is divided by 63273.
2
Calculate the remainder when 2935 is divided by 406.
93
Calculate the remainder when 7297 is divided by 571.
445
What is the remainder when 110668 is divided by 27645?
88
Calculate the remainder when 5842 is divided by 487.
485
What is the remainder when 3475 is divided by 928?
691
What is the remainder when 44667 is divided by 26?
25
What is the remainder when 22073 is divided by 118?
7
What is the remainder when 106843 is divided by 56?
51
Calculate the remainder when 5432 is divided by 151.
147
Calculate the remainder when 23762 is divided by 928.
562
What is the remainder when 402 is divided by 43?
15
Calculate the remainder when 3727 is divided by 1846.
35
Calculate the remainder when 2676 is divided by 2430.
246
Calculate the remainder when 355802 is divided by 66.
62
What is the remainder when 16201 is divided by 201?
121
Calculate the remainder when 628 is divided by 216.
196
Calculate the remainder when 14177 is divided by 78.
59
Calculate the remainder when 919901 is divided by 608.
605
Calculate the remainder when 10761 is divided by 2689.
5
What is the remainder when 3779 is divided by 635?
604
What is the remainder when 37233 is divided by 21?
0
What is the remainder when 9802 is divided by 9759?
43
What is the remainder when 16040 is divided by 117?
11
What is the remainder when 13418 is divided by 5?
3
Calculate the remainder when 85101 is divided by 12.
9
Calculate the remainder when 5472832 is divided by 31.
30
What is the remainder when 45046 is divided by 22456?
134
What is the remainder when 826243 is divided by 43?
41
What is the remainder when 186795 is divided by 65?
50
What is the remainder when 316 is divided by 39?
4
What is the remainder when 3428 is divided by 377?
35
What is the remainder when 44585 is divided by 22257?
71
What is the remainder when 1700482 is divided by 37?
36
What is the remainder when 414789 is divided by 128?
69
What is the remainder when 42544 is divided by 133?
117
Calculate the remainder when 26309 is divided by 195.
179
Calculate the remainder when 103484 is divided by 2874.
20
What is the remainder when 424237 is divided by 1274?
1269
Calculate the remainder when 4777 is divided by 2285.
207
What is the remainder when 4156 is divided by 66?
64
Calculate the remainder when 668076 is divided by 80.
76
What is the remainder when 647302 is divided by 215759?
25
Calculate the remainder when 1864 is divided by 37.
14
What is the remainder when 3535 is divided by 222?
205
Calculate the remainder when 287831 is divided by 47969.
17
Calculate the remainder when 170736 is divided by 232.
216
Calculate the remainder when 34719 is divided by 61.
10
Calculate the remainder when 10301 is divided by 224.
221
What is the remainder when 6715 is divided by 1020?
595
What is the remainder when 742253 is divided by 5?
3
What is the remainder when 8176 is divided by 3286?
1604
Calculate the remainder when 4399 is divided by 334.
57
What is the remainder when 406411 is divided by 135435?
106
Calculate the remainder when 184503 is divided by 601.
597
Calculate the remainder when 74513 is divided by 35.
33
Calculate the remainder when 9743 is divided by 1604.
119
Calculate the remainder when 692897 is divided by 346426.
45
What is the remainder when 275126 is divided by 54?
50
Calculate the remainder when 208027 is divided by 113.
107
Calculate the remainder when 859 is divided by 739.
120
What is the remainder when 698 is divided by 115?
8
What is the remainder when 9570 is divided by 1592?
18
What is the remainder when 2717 is divided by 663?
65
Calculate the remainder when 23408 is divided by 23407.
1
Calculate the remainder when 55650 is divided by 229.
3
Calculate the remainder when 534463 is divided by 107.
105
Calculate the remainder when 5496 is divided by 331.
200
Calculate the remainder when 1884 is divided by 89.
15
What is the remainder when 36027 is divided by 32?
27
What is the remainder when 1325093 is divided by 50?
43
What is the remainder when 735 is divided by 80?
15
What is the remainder when 18207 is divided by 791?
14
What is the remainder when 365253 is divided by 365245?
8
What is the remainder when 5219 is divided by 240?
179
What is the remainder when 71414 is divided by 8?
6
Calculate the remainder when 3318 is divided by 1450.
418
What is the remainder when 970 is divided by 455?
60
Calculate the remainder when 8407 is divided by 40.
7
What is the remainder when 223998 is divided by 9?
6
Calculate the remainder when 12080 is divided by 529.
442
What is the remainder when 4754 is divided by 316?
14
Calculate the remainder when 7497 is divided by 1070.
7
What is the remainder when 3911 is divided by 1284?
59
What is the remainder when 1782 is divided by 1230?
552
What is the remainder when 3666 is divided by 454?
34
Calculate the remainder when 48733 is divided by 156.
61
What is the remainder when 7769 is divided by 540?
209
Calculate the remainder when 792785 is divided by 273.
266
What is the remainder when 36827 is divided by 33?
32
Calculate the remainder when 1142 is divided by 168.
134
What is the remainder when 33747 is divided by 150?
147
What is the remainder when 2711135 is divided by 37?
34
Calculate the remainder when 88126 is divided by 13.
12
What is the remainder when 353 is divided by 227?
126
What is the remainder when 683 is divided by 119?
88
What is the remainder when 1621891 is divided by 39?
37
What is the remainder when 34683 is divided by 4333?
19
What is the remainder when 11574 is divided by 399?
3
Calculate the remainder when 10078 is divided by 459.
439
What is the remainder when 113845 is divided by 3?
1
Calculate the remainder when 512532 is divided by 251.
241
What is the remainder when 584941 is divided by 2276?
9
What is the remainder when 93917 is divided by 46952?
13
Calculate the remainder when 137520 is divided by 260.
240
What is the remainder when 7181 is divided by 1247?
946
Calculate the remainder when 9883 is divided by 1235.
3
Calculate the remainder when 153472 is divided by 17.
13
What is the remainder when 537912 is divided by 442?
440
What is the remainder when 4259 is divided by 4234?
25
What is the remainder when 487632 is divided by 19?
16
What is the remainder when 40174 is divided by 98?
92
Calculate the remainder when 1704 is divided by 1624.
80
Calculate the remainder when 44473 is divided by 8893.
8
Calculate the remainder when 9488 is divided by 85.
53
What is the remainder when 6900 is divided by 19?
3
Calculate the remainder when 9235 is divided by 287.
51
Calculate the remainder when 625713 is divided by 3346.
11
Calculate the remainder when 364357 is divided by 364357.
0
What is the remainder when 2171 is divided by 177?
47
What is the remainder when 1841 is divided by 160?
81
What is the remainder when 1896 is divided by 78?
24
Calculate the remainder when 3090 is divided by 2755.
335
Calculate the remainder when 9514 is divided by 3167.
13
Calculate the remainder when 109974 is divided by 10.
4
What is the remainder when 94239 is divided by 79?
71
Calculate the remainder when 7357 is divided by 64.
61
What is the remainder when 7339 is divided by 460?
439
What is the remainder when 370575 is divided by 14?
9
Calculate the remainder when 21109 is divided by 502.
25
What is the remainder when 650 is divided by 236?
178
Calculate the remainder when 10317 is divided by 266.
209
What is the remainder when 7747 is divided by 7741?
6
Calculate the remainder when 18478 is divided by 101.
96
What is the remainder when 15806 is divided by 63?
56
Calculate the remainder when 1137 is divided by 370.
27
Calculate the remainder when 12247 is divided by 139.
15
What is the remainder when 6460 is divided by 1418?
788
Calculate the remainder when 34425 is divided by 34382.
43
What is the remainder when 2710 is divided by 220?
70
Calculate the remainder when 7372 is divided by 14.
8
Calculate the remainder when 9198 is divided by 9121.
77
What is the remainder when 543915 is divided by 1292?
1275
What is the remainder when 20873 is divided by 68?
65
What is the remainder when 52178 is divided by 7447?
49
Calcul